(x). Calculate j(k).
11
Let k(i) = 7*i**3 + 6*i**2 - 8*i - 7. Let f(o) = -3*o**3 - 3*o**2 + 4*o + 3. Let r = -24 - -22. Let p(w) = r*k(w) - 5*f(w). Calculate p(-4).
-1
Let b(a) = 357*a**3 - 358*a**3 + 16 - 21 - 6*a**2 + 3*a**2 - 3*a. Calculate b(-3).
4
Let v(g) be the third derivative of -g**8/6720 - g**7/630 + g**6/720 - g**5/24 + 3*g**4/4 - 3*g**2. Let j(t) be the second derivative of v(t). Give j(-4).
-9
Let c(j) = 76*j + 5169. Let v be c(-68). Let o(x) = 13*x**3 - 5*x**2 - 5*x - 6. Let l(t) = 13*t**3 - 4*t**2 - 4*t - 5. Let n(p) = -5*l(p) + 4*o(p). Give n(v).
-12
Let s = 6 - 12. Let j be -1 - -2 - (s + 5). Let x(h) = -3*h**2 + 4*h**2 - 7*h + j*h. Give x(6).
6
Let j = -7 - -13. Suppose -8*g + 5*g - j = 0. Let t be 3/(-9)*(13 - g). Let i(v) = v - 4. Determine i(t).
-9
Let y(o) be the third derivative of o**6/120 + 3*o**5/20 + o**4/3 + o**3/3 + o**2. Let l(v) = 8*v**2 - 50*v + 4. Let p be l(6). What is y(p)?
2
Let n(u) be the third derivative of -u**5/60 + 13*u**4/24 - 3*u**2 - 7. Determine n(10).
30
Let m(k) = 10*k**2 + 6962*k + 4 - k**3 - 13 - 6971*k. What is m(9)?
-9
Let k(l) = -l - l**3 - 30*l**3 + 21*l**3 - 9*l**3. Calculate k(1).
-20
Let t(p) = -p**3 + 6*p**2 + 3. Suppose 0*w - 4*w - 12 = g, g = 3*w + 16. Determine t(g).
35
Let o(s) = -s. Let k(a) = a - 7. Let z(u) = -k(u) + 3*o(u). Let d(m) = -3*m + 6. Let r(w) = -6*d(w) + 4*z(w). Calculate r(7).
6
Let t(r) = 5*r**2 - 10*r - 22. Let n(p) = -p**2 - p + 2. Let x(i) = 4*n(i) + t(i). Calculate x(15).
1
Let p = -7 - -2. Let w = p + 8. Let o(i) = 0*i - 5 - w*i**2 - i + 5. Determine o(-1).
-2
Let l(t) be the first derivative of 1/3*t**3 - t - 8 + t**2. Calculate l(1).
2
Let s(a) be the first derivative of -2*a**3 - a**2 + 2*a + 191. Calculate s(-2).
-18
Let l(d) = d**3 + 3*d**2 + 5*d + 1. Let n(f) = -f**3 + 43*f**2 + 42*f + 86. Let z be n(44). Determine l(z).
-5
Let v(n) be the third derivative of n**7/840 + n**6/240 + n**5/60 + 3*n**4/4 + 14*n**2. Let o(a) be the second derivative of v(a). Calculate o(-3).
20
Let j(f) = -f**2 - 8*f + 3. Let b(v) be the second derivative of v**5/20 - 2*v**4/3 - 4*v**3/3 - 8*v**2 + 5*v. Let r be b(9). Give j(r).
10
Let t(r) = -r + 1. Let n(v) = -v**2 + 6*v + 3. Let w be n(0). Suppose -w*m - 10 = 8. Calculate t(m).
7
Let p = 44 - 39. Let z(s) = -s**3 + 6*s**2 - 4*s - 7. Let q be z(p). Let u(f) = -5*f**2 + f + 2. Give u(q).
-20
Let r(l) = 11*l - 16. Let y be r(2). Let d(t) = -5 + 7 - 2*t + 6*t**2 + 3 - 2*t**3 + t**3. Calculate d(y).
-7
Let k(i) = 31*i**2 + 36*i - 48. Let t(y) = -7*y**2 - 9*y + 12. Let j(l) = 2*k(l) + 9*t(l). Calculate j(-10).
2
Let h(k) be the second derivative of k + 3/2*k**2 + 1/2*k**3 + 0 + 1/20*k**5 - 1/4*k**4. Determine h(3).
12
Let y(u) = -2*u**2 - 13*u. Let m(o) = 2*o**2 + 15*o - 1. Let f(g) = 4*m(g) + 5*y(g). Determine f(-3).
-7
Suppose 4*b + 4*n - 27 = 17, -2*b = -4*n + 8. Suppose 5*l + 5*j - b = 4*j, 2*j = -8. Let w(p) = -p**2 + 0 - 4*p + 0*p**l + 3 - p. Calculate w(-4).
7
Suppose -620*a + 619*a + 2 = 0. Let i(w) be the third derivative of -1/24*w**4 + 6*w**a + 7/6*w**3 + 0 + 0*w. Determine i(10).
-3
Let o(b) = -b**3 - 16*b**2 - 8*b + 9. Let l(r) = -2*r**3 - 30*r**2 - 15*r + 17. Let z(f) = 6*l(f) - 11*o(f). Calculate z(-3).
0
Suppose 3*r + 8 + 4 = 0. Let v(t) be the third derivative of t**4/24 + 3*t**3/2 - 208*t**2. Calculate v(r).
5
Suppose 0 = -2*m - p + 19, -2 = -m + p + 6. Let c(x) = x - 12. What is c(m)?
-3
Let t(i) = i**2 + i - 12. Let o = -47 + 47. Suppose -20*l + 21*l = o. Calculate t(l).
-12
Let j(c) = 14*c. Let d(o) = 17*o. Let q(y) = 5*d(y) - 6*j(y). What is q(2)?
2
Let l = 0 + 5. Let i(m) be the first derivative of -m**3/3 + 7*m**2/2 - 6*m - 3179. Give i(l).
4
Let s(p) = p + p**3 - 2*p**2 + 93 - 105 - 15*p**2. Determine s(17).
5
Let o(f) be the second derivative of -f**5/20 - f**4/6 - f**3/6 - 7*f. Let r = -8 - -14. Suppose 6*d + r = 3*d. Calculate o(d).
2
Let b(l) = -l**2 + 2*l + 5. Let t(s) = -18 + 2*s + 21 + 7. Let q be t(-3). Determine b(q).
-3
Suppose 4771 = -11*i + 21601. Let c(d) = d**3 - 3*d**2 - i*d + 1531*d - 2*d**2. What is c(4)?
-12
Let u(k) = -k**3 + k**2 - 2*k - 5. Let x = -237 - -237. Determine u(x).
-5
Suppose 4*s + s - 2*b - 3 = 0, 2*s + 10 = -2*b. Let o be ((-2)/s)/(10/10). Let a(x) = x**2 - x - 1. Give a(o).
1
Let x(q) be the second derivative of q**6/120 + q**5/10 + 7*q**4/24 + q**3/3 + 3*q**2 - 13*q. Let r(i) be the first derivative of x(i). What is r(-5)?
-8
Let n(o) be the second derivative of o**3/6 - 2*o**2 + 144*o. Give n(2).
-2
Suppose 4*u - 8 = -2*o, u + 0*u = -4*o - 5. Let d(c) = c**3 - 12*c - 3. Let q(i) = -2*i**3 + 27*i + 6. Let y(r) = 7*d(r) + 3*q(r). Give y(o).
-5
Let t(c) = 7166*c - 32 - 2 - 7167*c. What is t(-11)?
-23
Let h be (4/10)/((-1)/10). Let j(u) = u - 2. Calculate j(h).
-6
Let g(a) = -a + 3. Suppose 3*c + i = 3, -13*c + 2*i = -14*c + 6. Give g(c).
3
Let g(p) = -p**3 - 5*p**2 - 5*p. Let b = -10 - -12. Suppose -6 = s + 3*k - 3, 4*s + b*k - 18 = 0. Let u be s*(16/(-6))/4. Give g(u).
4
Let p(y) = -y**3 + 6*y**2 + 10*y - 21. Let x = 1655 - 1648. Determine p(x).
0
Let t(v) = -v**2 - v + 2. Suppose 7 = 3*u - 2, 7 = -x + 3*u. Suppose 0*a - 6 = -x*a. What is t(a)?
-10
Let m(p) be the second derivative of -p**2/2 - 7*p. Let i(j) = 2*j - 5. Let n(c) = -i(c) + 6*m(c). What is n(3)?
-7
Suppose 0*r + 3*a - 6 = 4*r, 4*r - 5*a + 10 = 0. Let w(u) = u**2 + u - 19. Give w(r).
-19
Suppose 4*k - 4*d = -21 + 5, 0 = d - 2. Let r(u) be the second derivative of u**5/20 - u**4/12 - u**3/6 + u**2 + 108*u. Give r(k).
-8
Let b(y) = -10*y**2 - 4*y + 1. Let f(n) = -72*n**2 - 29*n + 7. Let u(o) = 15*b(o) - 2*f(o). Determine u(1).
-7
Suppose 0 = 5*u + 3*b - 47 - 65, 108 = 5*u + 2*b. Let m = u - 21. Let q(z) = 12*z**3 - z - 1. Calculate q(m).
-12
Suppose 12*i - 9 = 9*i. Let a(y) = 15*y**3 - 4*y - 3. Let g(l) = -14*l**3 + 3*l + 2. Let s(z) = i*g(z) + 2*a(z). Give s(-1).
11
Let r(g) = g**3 + 6*g**2 + 3*g - 4. Let c be 147/6 - 3/(-6). Suppose 2*x - 3*d + 35 = 7*x, -4*x + 5*d = 9. Suppose x*a + c = -a. What is r(a)?
6
Let j(a) be the first derivative of -a**3/3 + 9*a**2/2 + 3*a - 35. What is j(9)?
3
Let t(y) be the third derivative of -5*y**4/24 + y**3 + 162*y**2. Determine t(-7).
41
Let w = -5 - -7. Let h(x) = -x + 0*x**w + 2*x**2 + 0*x**2. Suppose 7*y + 6*y - 26 = 0. Give h(y).
6
Let l = 76 + -48. Let k = l + -31. Let h(a) = 5*a + 9. Let r(x) = 14*x + 26. Let m(t) = 11*h(t) - 4*r(t). What is m(k)?
-2
Let k be (-2*2/12)/((-4)/108). Let p(v) = 2*v - 20. What is p(k)?
-2
Let g(b) = -3*b + 25 - 23 - 3*b**3 + b + 15*b**3 - b**2. Calculate g(1).
11
Let p(a) be the first derivative of a**4/12 - 2*a**3/3 - 3*a**2/2 + 50*a - 9. Let o(u) be the first derivative of p(u). Determine o(6).
9
Let d = 1036 + -1044. Let a(h) = h**2 + 4*h - 5. What is a(d)?
27
Let j(c) = c**2 - 8*c + 7. Let k(n) = n**2 - 13*n + 9. Let i(q) = 7*j(q) - 5*k(q). Give i(-4).
0
Let n be (225/(-6))/5 + 30/20. Let b(u) = -u**3 - 6*u**2 - 2*u. Calculate b(n).
12
Let y(g) be the first derivative of g**6/360 + g**5/40 - g**4/12 - 23*g**3/3 - 7. Let w(h) be the third derivative of y(h). Give w(-2).
-4
Let f = 866 + -868. Let a(t) = -1. Let p(k) = -k + 1. Let n(l) = 4*a(l) + 5*p(l). Calculate n(f).
11
Suppose x = -4*b + 2*b - 3, -10 = 3*b - 4*x. Let g(p) = 3 + 103*p**3 + 100*p**3 + 4*p - 204*p**3 - 2*p**2 - p. What is g(b)?
-3
Let h(z) = 15*z - 7. Let v(t) = -8*t + 3. Let s(i) = -2*h(i) - 5*v(i). Let j(q) = q**2 + q - 4. Let x be j(2). Calculate s(x).
19
Let f = 81 + 92. Suppose 5*l - 335 = -4*n, 2*n + 0*l - f = 3*l. Let d be 34/n + (-4)/10. Let y(p) = -p**2 - p. Give y(d).
0
Let w(d) = -2 - d + 43*d**3 - 3 - 44*d**3 - 4*d + 15*d**2 - 9*d. What is w(14)?
-5
Let d(w) = -w**3 + w - 13. Let u(i) = 13*i - 78. Let b be u(6). Give d(b).
-13
Suppose -4*r + 48 = 4*d - 0*r, -2*d + 5*r = 32. Let a(b) = -b - 3*b**2 + 4*b**2 - 4 + 5. What is a(d)?
13
Let t(d) be the second derivative of -1/3*d**3 + 0 - 6*d - 4*d**2. Give t(-6).
4
Let w(j) = -j**3 + 3*j**2 - 3*j + 2. Suppose 3*m = -2*f + 6*f + 3, 3*f - 34 = -5*m. Let k be -27 - 3/f - -3. Let t be ((-30)/k)/((-6)/(-10)). Determine w(t).
0
Let h(t) = 5*t**3 + 3*t**2 - 11*t - 4. Let w(r) = 4*r**3 + 3*r**2 - 10*r - 4. Let f(n) = 3*h(n) - 4*w(n). Calculate f(-5).
19
Let l(o) be the first derivative of o**3/3 + 6*o - 1067. Let 